by 93?
60
Calculate the remainder when 63728784 is divided by 128.
16
Calculate the remainder when 159262 is divided by 3250.
12
What is the remainder when 481383 is divided by 70?
63
Calculate the remainder when 87070 is divided by 1813.
46
Calculate the remainder when 24787499 is divided by 21.
2
What is the remainder when 27615267 is divided by 14823?
18
What is the remainder when 2144538 is divided by 2848?
2842
Calculate the remainder when 1754236 is divided by 241.
238
What is the remainder when 12625682 is divided by 54894?
62
What is the remainder when 1859048 is divided by 603?
602
What is the remainder when 29913677 is divided by 7?
3
Calculate the remainder when 17565128 is divided by 89.
88
Calculate the remainder when 30513131 is divided by 36.
35
What is the remainder when 7929832 is divided by 5636?
5616
What is the remainder when 52416019 is divided by 8736002?
7
What is the remainder when 347008 is divided by 115628?
124
What is the remainder when 76574772 is divided by 46?
44
Calculate the remainder when 392200185 is divided by 46.
45
Calculate the remainder when 3723 is divided by 72.
51
Calculate the remainder when 123762 is divided by 8250.
12
Calculate the remainder when 1046486 is divided by 1817.
1711
Calculate the remainder when 1392574 is divided by 49733.
50
Calculate the remainder when 64243 is divided by 32104.
35
Calculate the remainder when 220791598 is divided by 144.
142
Calculate the remainder when 1873703 is divided by 267202.
3289
What is the remainder when 1318563 is divided by 306?
9
What is the remainder when 5117443 is divided by 3?
1
What is the remainder when 32452195 is divided by 605?
600
Calculate the remainder when 99078299 is divided by 1076938.
3
Calculate the remainder when 6481561 is divided by 21.
16
What is the remainder when 569997 is divided by 23736?
333
What is the remainder when 218407 is divided by 740?
107
What is the remainder when 360889 is divided by 175417?
10055
What is the remainder when 248979 is divided by 619?
141
Calculate the remainder when 11056366 is divided by 2764091.
2
What is the remainder when 338967 is divided by 1948?
15
Calculate the remainder when 30726693 is divided by 10242228.
9
What is the remainder when 364551 is divided by 263?
33
What is the remainder when 1228107 is divided by 202?
149
Calculate the remainder when 58294486 is divided by 12.
10
Calculate the remainder when 1070422244 is divided by 5.
4
Calculate the remainder when 62172 is divided by 549.
135
Calculate the remainder when 22942 is divided by 20235.
2707
What is the remainder when 1752188 is divided by 13?
9
Calculate the remainder when 8299365 is divided by 7942.
7917
Calculate the remainder when 3656119 is divided by 2872.
63
What is the remainder when 1592100433 is divided by 2042?
2041
Calculate the remainder when 433870 is divided by 829.
303
What is the remainder when 2941572 is divided by 1470771?
30
What is the remainder when 35069055 is divided by 352?
351
What is the remainder when 13575583 is divided by 2675?
2633
Calculate the remainder when 44366810 is divided by 1196.
1190
What is the remainder when 202234 is divided by 1141?
277
What is the remainder when 40983838 is divided by 60?
58
Calculate the remainder when 487733 is divided by 1640.
653
What is the remainder when 1514991 is divided by 378635?
451
What is the remainder when 33812888 is divided by 16906351?
186
Calculate the remainder when 126027037 is divided by 290.
287
Calculate the remainder when 333113 is divided by 22170.
563
Calculate the remainder when 27633198 is divided by 497.
495
Calculate the remainder when 15107292 is divided by 2158183.
11
What is the remainder when 295615 is divided by 29552?
95
What is the remainder when 105018 is divided by 52479?
60
Calculate the remainder when 167532 is divided by 10447.
380
Calculate the remainder when 278767 is divided by 1129.
1033
What is the remainder when 36498 is divided by 33?
0
Calculate the remainder when 41360166 is divided by 2854.
2852
What is the remainder when 7817 is divided by 402?
179
What is the remainder when 23012405 is divided by 221273?
13
Calculate the remainder when 10705 is divided by 2384.
1169
What is the remainder when 3463477 is divided by 109?
2
Calculate the remainder when 50282267 is divided by 773573.
22
Calculate the remainder when 5500209 is divided by 1265.
1254
What is the remainder when 108284 is divided by 54044?
196
What is the remainder when 1172892 is divided by 2925?
2892
Calculate the remainder when 194001 is divided by 7457.
119
What is the remainder when 3108604 is divided by 64?
60
What is the remainder when 1653477 is divided by 2911?
29
What is the remainder when 72154 is divided by 22716?
4006
What is the remainder when 37283843 is divided by 796?
795
Calculate the remainder when 855369 is divided by 185.
114
What is the remainder when 181934949 is divided by 12?
9
Calculate the remainder when 1353701 is divided by 193360.
181
What is the remainder when 66500017 is divided by 36?
25
What is the remainder when 209879 is divided by 104930?
19
Calculate the remainder when 163241559 is divided by 326.
319
Calculate the remainder when 1203275 is divided by 169.
164
What is the remainder when 84449787 is divided by 13218?
13203
What is the remainder when 11711351 is divided by 261?
20
What is the remainder when 32446 is divided by 4010?
366
What is the remainder when 355414 is divided by 13156?
202
What is the remainder when 297371 is divided by 74156?
747
Calculate the remainder when 42212342 is divided by 44.
18
Calculate the remainder when 3055251 is divided by 2858.
49
What is the remainder when 2550811 is divided by 96?
91
Calculate the remainder when 9136168 is divided by 6890.
28
Calculate the remainder when 676920 is divided by 11095.
125
What is the remainder when 41082 is divided by 10220?
202
Calculate the remainder when 45705597 is divided by 659.
652
Calculate the remainder when 945605 is divided by 21466.
1101
Calculate the remainder when 835316 is divided by 178.
140
Calculate the remainder when 7070219 is divided by 159.
125
What is the remainder when 102413793 is divided by 38?
31
Calculate the remainder when 9817 is divided by 4420.
977
What is the remainder when 1730229 is divided by 195?
189
What is the remainder when 208746 is divided by 1064?
202
Calculate the remainder when 3820650 is divided by 254705.
75
What is the remainder when 1310633 is divided by 159?
155
Calculate the remainder when 14096350 is divided by 722.
22
Calculate the remainder when 747672 is divided by 248463.
2283
What is the remainder when 77398923 is divided by 10302?
10299
What is the remainder when 25692835 is divided by 828?
823
Calculate the remainder when 14711451 is divided by 301.
76
What is the remainder when 233630 is divided by 424?
6
Calculate the remainder when 6557378 is divided by 5576.
2
Calculate the remainder when 346191 is divided by 3692.
2835
What is the remainder when 98350952 is divided by 18?
14
What is the remainder when 1891366 is divided by 4430?
4186
What is the remainder when 1831732 is divided by 8069?
69
What is the remainder when 403165511 is divided by 2228?
2227
What is the remainder when 1613212 is divided by 537694?
130
What is the remainder when 800964 is divided by 3311?
3013
Calculate the remainder when 16599 is divided by 2719.
285
Calculate the remainder when 191311 is divided by 31853.
193
Calculate the remainder when 3166145 is divided by 17.
14
What is the remainder when 220141 is divided by 16932?
25
Calculate the remainder when 1947820 is divided by 4551.
4543
Calculate the remainder when 14313109 is divided by 1815.
19
Calculate the remainder when 6081590 is divided by 1024.
54
Calculate the remainder when 991305 is divided by 1104.
1017
What is the remainder when 7920 is divided by 894?
768
What is the remainder when 5521636 is divided by 2760818?
0
What is the remainder when 1717376 is divided by 67?
32
Calculate the remainder when 216244 is divided by 1047.
562
Calculate the remainder when 28559 is divided by 7768.
5255
Calculate the remainder when 1105453 is divided by 180.
73
Calculate the remainder when 16594495 is divided by 2440.
55
What is the remainder when 57402575 is di